{"id":68,"date":"2015-11-10T09:49:07","date_gmt":"2015-11-10T09:49:07","guid":{"rendered":"http:\/\/demo.qkthemes.net\/construct\/?page_id=68"},"modified":"2021-04-18T15:50:23","modified_gmt":"2021-04-18T15:50:23","slug":"home","status":"publish","type":"page","link":"https:\/\/noes.easysky.dk\/","title":{"rendered":"Home"},"content":{"rendered":"<p>[vc_row full_width=&#8221;stretch_row_content_no_spaces&#8221; el_id=&#8221;home-section&#8221; el_class=&#8221;slider1&#8243;][vc_column][rev_slider_vc alias=&#8221;home&#8221;][\/vc_column][\/vc_row][vc_row el_class=&#8221;tabs-section&#8221;][vc_column width=&#8221;7\/12&#8243; el_class=&#8221;about-us-box&#8221;][vc_column_text]<\/p>\n<h1>Kompetencer<\/h1>\n<p><span style=\"color: white;\">L\u00e6s mere om vores kompetencer herunder<\/span><\/p>\n<p>&nbsp;[\/vc_column_text][vc_row_inner][vc_column_inner width=&#8221;1\/2&#8243;][vc_raw_html]JTNDYSUyMGhyZWYlM0QlMjJodHRwcyUzQSUyRiUyRm5vZXMuZWFzeXNreS5kayUyRmluZGV4LnBocCUyRnBvcnRmb2xpbyUyRnByb2plY3QtdGl0bGUtaGVyZS05JTJGJTIyJTNFJTNDaW1nJTIwc3JjJTNEJTIyaHR0cHMlM0ElMkYlMkZub2VzLmVhc3lza3kuZGslMkZ3cC1jb250ZW50JTJGdXBsb2FkcyUyRjIwMTUlMkYxMSUyRmFwcmlsLTIwMjAtQlgzSTEwMDUtc2NhbGVkLmpwZyUyMiUyMHdpZHRoJTNEJTIyMTUwcHglMjIlM0UlM0MlMkZhJTNFJTNDYnIlM0UlM0Nmb250JTIwc2l6ZSUzRCUyMiUyQjElMjIlMjBjb2xvciUzRCUyMndoaXRlJTIyJTNFS2xvYWtlcmluZyUzQyUyRmZvbnQlM0UlM0NiciUzRSUzQ2JyJTNF[\/vc_raw_html][vc_raw_html]JTNDYSUyMGhyZWYlM0QlMjJodHRwcyUzQSUyRiUyRm5vZXMuZWFzeXNreS5kayUyRmluZGV4LnBocCUyRnBvcnRmb2xpbyUyRnByb2plY3QtdGl0bGUtaGVyZS04JTJGJTIyJTNFJTNDaW1nJTIwc3JjJTNEJTIyaHR0cHMlM0ElMkYlMkZub2VzLmVhc3lza3kuZGslMkZ3cC1jb250ZW50JTJGdXBsb2FkcyUyRjIwMTUlMkYxMSUyRkMyXzQwMjMtc2NhbGVkLmpwZyUyMiUyMHdpZHRoJTNEJTIyMTUwcHglMjIlM0UlM0MlMkZhJTNFJTNDYnIlM0UlM0Nmb250JTIwc2l6ZSUzRCUyMiUyQjElMjIlMjBjb2xvciUzRCUyMndoaXRlJTIyJTNFQnlnZ2Vtb2RuaW5nJTIwYWYlMjBncnVuZGUlM0MlMkZmb250JTNFJTNDYnIlM0UlM0NiciUzRQ==[\/vc_raw_html][vc_raw_html]JTNDYSUyMGhyZWYlM0QlMjJodHRwcyUzQSUyRiUyRm5vZXMuZWFzeXNreS5kayUyRmluZGV4LnBocCUyRnBvcnRmb2xpbyUyRnByb2plY3QtdGl0bGUtaGVyZS03JTJGJTIyJTNFJTNDaW1nJTIwc3JjJTNEJTIyaHR0cHMlM0ElMkYlMkZub2VzLmVhc3lza3kuZGslMkZ3cC1jb250ZW50JTJGdXBsb2FkcyUyRjIwMTUlMkYxMSUyRkJYM0kwOTkwLXNjYWxlZC5qcGclMjIlMjB3aWR0aCUzRCUyMjE1MHB4JTIyJTNFJTNDJTJGYSUzRSUzQ2JyJTNFJTNDZm9udCUyMHNpemUlM0QlMjIlMkIxJTIyJTIwY29sb3IlM0QlMjJ3aGl0ZSUyMiUzRU5lZHNpdm5pbmdzYW5sJUMzJUE2ZyUyQyUyMHNlcHRpa3RhbmtlJTIwb2clMjBzYW1sZXRhbmtlJTNDJTJGZm9udCUzRSUzQ2JyJTNFJTNDYnIlM0U=[\/vc_raw_html][\/vc_column_inner][vc_column_inner width=&#8221;1\/2&#8243;][vc_raw_html]JTNDYSUyMGhyZWYlM0QlMjJodHRwcyUzQSUyRiUyRm5vZXMuZWFzeXNreS5kayUyRmluZGV4LnBocCUyRnBvcnRmb2xpbyUyRnByb2plY3QtdGl0bGUtaGVyZS01JTJGJTIyJTNFJTNDaW1nJTIwc3JjJTNEJTIyaHR0cHMlM0ElMkYlMkZub2VzLmVhc3lza3kuZGslMkZ3cC1jb250ZW50JTJGdXBsb2FkcyUyRjIwMTUlMkYxMSUyRklNR181MDAzLXNjYWxlZC5qcGclMjIlMjB3aWR0aCUzRCUyMjE1MHB4JTIyJTNFJTNDJTJGYSUzRSUzQ2JyJTNFJTNDZm9udCUyMHNpemUlM0QlMjIlMkIxJTIyJTIwY29sb3IlM0QlMjJ3aGl0ZSUyMiUzRUluZGslQzMlQjhyc2VsJTJDJTIwcGFya2VyaW5nJTIwb2clMjB2ZW5kZXBsYWRzZXIlM0MlMkZmb250JTNFJTNDYnIlM0UlM0NiciUzRQ==[\/vc_raw_html][vc_raw_html]JTNDYSUyMGhyZWYlM0QlMjJodHRwcyUzQSUyRiUyRm5vZXMuZWFzeXNreS5kayUyRmluZGV4LnBocCUyRnBvcnRmb2xpbyUyRnByb2plY3QtdGl0bGUtaGVyZS02JTJGJTIyJTNFJTNDaW1nJTIwc3JjJTNEJTIyaHR0cHMlM0ElMkYlMkZub2VzLmVhc3lza3kuZGslMkZ3cC1jb250ZW50JTJGdXBsb2FkcyUyRjIwMTUlMkYxMSUyRklNR180ODIyLXNjYWxlZC5qcGclMjIlMjB3aWR0aCUzRCUyMjE1MHB4JTIyJTNFJTNDJTJGYSUzRSUzQ2JyJTNFJTNDZm9udCUyMHNpemUlM0QlMjIlMkIxJTIyJTIwY29sb3IlM0QlMjJ3aGl0ZSUyMiUzRUdydW5kdmFuZHNzJUMzJUE2bmtuaW5nJTNDJTJGZm9udCUzRSUzQ2JyJTNFJTNDYnIlM0U=[\/vc_raw_html][\/vc_column_inner][\/vc_row_inner][\/vc_column][vc_column width=&#8221;5\/12&#8243; el_class=&#8221;about-box&#8221;][vc_single_image image=&#8221;246&#8243; img_size=&#8221;full&#8221;][vc_column_text]<\/p>\n<h2>Hvem er jeg<\/h2>\n<p>Jeg hedder Svend Noe og har bl. a. 25 \u00e5rs erfaring inden for kloak og entrepren\u00f8rarbejde.<\/p>\n<p>Jeg tilbyder:<br \/>\nJeg udf\u00f8rer alle former for mindre entrepren\u00f8r opgaver<br \/>\nJeg er autoriseret kloakmester<br \/>\nJeg udf\u00f8rer kloak separering<br \/>\nJeg udf\u00f8rer nedsivnings anl\u00e6g<br \/>\nJeg udf\u00f8rer udgravning for sokkel<br \/>\nJeg etablerer sandpude for nybyggeri og tilbygninger<br \/>\nJeg fjerner tr\u00e6er, og beplantninger<br \/>\nJeg udgraver for sokkel<br \/>\nJeg monterer rottesp\u00e6rre<br \/>\nNoe\u2019s har eksisteret siden 1995<br \/>\nJeg arbejder prim\u00e6rt i Skaven omr\u00e5det, eller i en afstand af maks 10 km herfra<br \/>\nJeg udf\u00f8rer opgaver inden for jord\/kloak anl\u00e6gsarbejde.<br \/>\nJeg er jeres lokale entrepren\u00f8r<br \/>\nJeg tilbyder vejh\u00f8vling af veje<br \/>\nJeg tilbyder brakpudsning af ubebyggede grunde<br \/>\nJeg tilbyder grundvands s\u00e6nkning<br \/>\nJeg laver indk\u00f8rsler<br \/>\nSalg af sand og grus[\/vc_column_text][vc_raw_html]JTNDYnIlM0UlM0NiciUzRSUzQ2ltZyUyMHNyYyUzRCUyMmh0dHBzJTNBJTJGJTJGbm9lcy5lYXN5c2t5LmRrJTJGd3AtY29udGVudCUyRnVwbG9hZHMlMkYyMDE1JTJGMTElMkZCeWdnZXJpZXRzLUt2YWxpdGV0c2tvbnRyb2wtY2VydGlmaWNlcmV0LWFmLXNjYWxlZC5qcGclMjIlMjB3aWR0aCUzRCUyMjEwMHB4JTIyJTNF[\/vc_raw_html][\/vc_column][\/vc_row]<\/p>\n","protected":false},"excerpt":{"rendered":"<p>[vc_row full_width=&#8221;stretch_row_content_no_spaces&#8221; el_id=&#8221;home-section&#8221; el_class=&#8221;slider1&#8243;][vc_column][rev_slider_vc alias=&#8221;home&#8221;][\/vc_column][\/vc_row][vc_row el_class=&#8221;tabs-section&#8221;][vc_column width=&#8221;7\/12&#8243; el_class=&#8221;about-us-box&#8221;][vc_column_text] Kompetencer L\u00e6s mere om vores kompetencer herunder &nbsp;[\/vc_column_text][vc_row_inner][vc_column_inner width=&#8221;1\/2&#8243;][vc_raw_html]JTNDYSUyMGhyZWYlM0QlMjJodHRwcyUzQSUyRiUyRm5vZXMuZWFzeXNreS5kayUyRmluZGV4LnBocCUyRnBvcnRmb2xpbyUyRnByb2plY3QtdGl0bGUtaGVyZS05JTJGJTIyJTNFJTNDaW1nJTIwc3JjJTNEJTIyaHR0cHMlM0ElMkYlMkZub2VzLmVhc3lza3kuZGslMkZ3cC1jb250ZW50JTJGdXBsb2FkcyUyRjIwMTUlMkYxMSUyRmFwcmlsLTIwMjAtQlgzSTEwMDUtc2NhbGVkLmpwZyUyMiUyMHdpZHRoJTNEJTIyMTUwcHglMjIlM0UlM0MlMkZhJTNFJTNDYnIlM0UlM0Nmb250JTIwc2l6ZSUzRCUyMiUyQjElMjIlMjBjb2xvciUzRCUyMndoaXRlJTIyJTNFS2xvYWtlcmluZyUzQyUyRmZvbnQlM0UlM0NiciUzRSUzQ2JyJTNF[\/vc_raw_html][vc_raw_html]JTNDYSUyMGhyZWYlM0QlMjJodHRwcyUzQSUyRiUyRm5vZXMuZWFzeXNreS5kayUyRmluZGV4LnBocCUyRnBvcnRmb2xpbyUyRnByb2plY3QtdGl0bGUtaGVyZS04JTJGJTIyJTNFJTNDaW1nJTIwc3JjJTNEJTIyaHR0cHMlM0ElMkYlMkZub2VzLmVhc3lza3kuZGslMkZ3cC1jb250ZW50JTJGdXBsb2FkcyUyRjIwMTUlMkYxMSUyRkMyXzQwMjMtc2NhbGVkLmpwZyUyMiUyMHdpZHRoJTNEJTIyMTUwcHglMjIlM0UlM0MlMkZhJTNFJTNDYnIlM0UlM0Nmb250JTIwc2l6ZSUzRCUyMiUyQjElMjIlMjBjb2xvciUzRCUyMndoaXRlJTIyJTNFQnlnZ2Vtb2RuaW5nJTIwYWYlMjBncnVuZGUlM0MlMkZmb250JTNFJTNDYnIlM0UlM0NiciUzRQ==[\/vc_raw_html][vc_raw_html]JTNDYSUyMGhyZWYlM0QlMjJodHRwcyUzQSUyRiUyRm5vZXMuZWFzeXNreS5kayUyRmluZGV4LnBocCUyRnBvcnRmb2xpbyUyRnByb2plY3QtdGl0bGUtaGVyZS03JTJGJTIyJTNFJTNDaW1nJTIwc3JjJTNEJTIyaHR0cHMlM0ElMkYlMkZub2VzLmVhc3lza3kuZGslMkZ3cC1jb250ZW50JTJGdXBsb2FkcyUyRjIwMTUlMkYxMSUyRkJYM0kwOTkwLXNjYWxlZC5qcGclMjIlMjB3aWR0aCUzRCUyMjE1MHB4JTIyJTNFJTNDJTJGYSUzRSUzQ2JyJTNFJTNDZm9udCUyMHNpemUlM0QlMjIlMkIxJTIyJTIwY29sb3IlM0QlMjJ3aGl0ZSUyMiUzRU5lZHNpdm5pbmdzYW5sJUMzJUE2ZyUyQyUyMHNlcHRpa3RhbmtlJTIwb2clMjBzYW1sZXRhbmtlJTNDJTJGZm9udCUzRSUzQ2JyJTNFJTNDYnIlM0U=[\/vc_raw_html][\/vc_column_inner][vc_column_inner width=&#8221;1\/2&#8243;][vc_raw_html]JTNDYSUyMGhyZWYlM0QlMjJodHRwcyUzQSUyRiUyRm5vZXMuZWFzeXNreS5kayUyRmluZGV4LnBocCUyRnBvcnRmb2xpbyUyRnByb2plY3QtdGl0bGUtaGVyZS01JTJGJTIyJTNFJTNDaW1nJTIwc3JjJTNEJTIyaHR0cHMlM0ElMkYlMkZub2VzLmVhc3lza3kuZGslMkZ3cC1jb250ZW50JTJGdXBsb2FkcyUyRjIwMTUlMkYxMSUyRklNR181MDAzLXNjYWxlZC5qcGclMjIlMjB3aWR0aCUzRCUyMjE1MHB4JTIyJTNFJTNDJTJGYSUzRSUzQ2JyJTNFJTNDZm9udCUyMHNpemUlM0QlMjIlMkIxJTIyJTIwY29sb3IlM0QlMjJ3aGl0ZSUyMiUzRUluZGslQzMlQjhyc2VsJTJDJTIwcGFya2VyaW5nJTIwb2clMjB2ZW5kZXBsYWRzZXIlM0MlMkZmb250JTNFJTNDYnIlM0UlM0NiciUzRQ==[\/vc_raw_html][vc_raw_html]JTNDYSUyMGhyZWYlM0QlMjJodHRwcyUzQSUyRiUyRm5vZXMuZWFzeXNreS5kayUyRmluZGV4LnBocCUyRnBvcnRmb2xpbyUyRnByb2plY3QtdGl0bGUtaGVyZS02JTJGJTIyJTNFJTNDaW1nJTIwc3JjJTNEJTIyaHR0cHMlM0ElMkYlMkZub2VzLmVhc3lza3kuZGslMkZ3cC1jb250ZW50JTJGdXBsb2FkcyUyRjIwMTUlMkYxMSUyRklNR180ODIyLXNjYWxlZC5qcGclMjIlMjB3aWR0aCUzRCUyMjE1MHB4JTIyJTNFJTNDJTJGYSUzRSUzQ2JyJTNFJTNDZm9udCUyMHNpemUlM0QlMjIlMkIxJTIyJTIwY29sb3IlM0QlMjJ3aGl0ZSUyMiUzRUdydW5kdmFuZHNzJUMzJUE2bmtuaW5nJTNDJTJGZm9udCUzRSUzQ2JyJTNFJTNDYnIlM0U=[\/vc_raw_html][\/vc_column_inner][\/vc_row_inner][\/vc_column][vc_column width=&#8221;5\/12&#8243; el_class=&#8221;about-box&#8221;][vc_single_image image=&#8221;246&#8243; img_size=&#8221;full&#8221;][vc_column_text] Hvem er jeg Jeg hedder Svend Noe og har bl. a. 25 \u00e5rs erfaring inden for kloak og entrepren\u00f8rarbejde. Jeg tilbyder: Jeg udf\u00f8rer alle former for mindre entrepren\u00f8r opgaver Jeg er autoriseret kloakmester [&hellip;]<\/p>\n","protected":false},"author":1,"featured_media":0,"parent":0,"menu_order":0,"comment_status":"closed","ping_status":"closed","template":"template-home.php","meta":[],"_links":{"self":[{"href":"https:\/\/noes.easysky.dk\/index.php\/wp-json\/wp\/v2\/pages\/68"}],"collection":[{"href":"https:\/\/noes.easysky.dk\/index.php\/wp-json\/wp\/v2\/pages"}],"about":[{"href":"https:\/\/noes.easysky.dk\/index.php\/wp-json\/wp\/v2\/types\/page"}],"author":[{"embeddable":true,"href":"https:\/\/noes.easysky.dk\/index.php\/wp-json\/wp\/v2\/users\/1"}],"replies":[{"embeddable":true,"href":"https:\/\/noes.easysky.dk\/index.php\/wp-json\/wp\/v2\/comments?post=68"}],"version-history":[{"count":38,"href":"https:\/\/noes.easysky.dk\/index.php\/wp-json\/wp\/v2\/pages\/68\/revisions"}],"predecessor-version":[{"id":272,"href":"https:\/\/noes.easysky.dk\/index.php\/wp-json\/wp\/v2\/pages\/68\/revisions\/272"}],"wp:attachment":[{"href":"https:\/\/noes.easysky.dk\/index.php\/wp-json\/wp\/v2\/media?parent=68"}],"curies":[{"name":"wp","href":"https:\/\/api.w.org\/{rel}","templated":true}]}}